t n(u) = -2 - 78*u**2 + 146*u**2 - u**3 + 4*u + 3 - 71*u**2. Give n(-4).
1
Let p(m) = -m**2 - 14*m + 22. Suppose -4*n + 25 - 43 = 42. Give p(n).
7
Let o(x) be the second derivative of -x**3/2 + 3*x**2/2 + 30*x. Suppose 42*b = 64*b - 88. What is o(b)?
-9
Let x(d) = -d + 7. Suppose 0 = -4*b + b + 9. Let s be x(b). Let p(a) = 13*a - 23. Let q(v) = -11*v + 20. Let l(i) = 5*p(i) + 6*q(i). Give l(s).
1
Let g(b) = -b + 7. Suppose a + 3*a - 5*o = -1, 4*a = 4*o. Let u be a + 1 - 1*-1*3. Calculate g(u).
2
Let v(s) = 4*s**2 - 2*s + 1. Let c(y) = -9*y**2 + 2 - 4*y - 9*y**2 + 44*y**2 - 11*y**2 - 10*y**2. Let l(f) = 5*c(f) - 6*v(f). What is l(5)?
-11
Let r(h) be the third derivative of h**8/20160 - h**7/2520 + h**6/240 - 7*h**5/20 + 19*h**2 + 1. Let a(i) be the third derivative of r(i). Give a(-3).
18
Suppose 185 = -k + 4*b, 778 = -5*k - 2*b - 169. Let f = -195 - k. Let r(d) = -d**2. Give r(f).
-36
Let r(p) = -2*p**3 - 15*p**2 + 6*p - 15. Let c be r(-8). Let b be (-1)/(1*(4 - 3)*c). Let o(d) = 12*d - 1. Calculate o(b).
-13
Let y(i) = -i**2 - 18*i - 14. Let r(d) = -2*d**3 + 2*d**2 - 10*d + 11. Let f be (-21)/(-10) - (12/(-40))/(-3). Let x be r(f). Give y(x).
3
Suppose 15 = -a + 19, 2*a = -5*v - 132. Let k(l) = l**3 + 29*l**2 + 25*l - 94. Give k(v).
-10
Let f(b) = -1731002 - b**2 - 18*b + 1731076 + 2*b**2. Give f(9).
-7
Let j be (0/(-2))/(-1) - 5. Let t be 11 - (j + (-55)/(-5)). Let d(s) = s**3 - 4*s**2 - 3*s - 5. Calculate d(t).
5
Suppose -5*j + 6 = -4. Let n(o) = -323*o + 14. Let z(d) = 52*d - 2. Let y(r) = -n(r) - 6*z(r). Give y(j).
20
Let n be ((-3)/(-12))/(21/336). Let i(d) = -d**3 + 7*d**2 - 10*d + 1. Determine i(n).
9
Suppose 15*u - 165 = 2*u + 2*u. Let g(p) = 5*p + 40. Let m(o) = 3*o + 27. Let r(z) = 5*g(z) - 8*m(z). What is r(u)?
-1
Let m(d) = 9*d + 95. Let a(o) = 16*o + 177. Let v(h) = 6*a(h) - 11*m(h). Calculate v(6).
-1
Let t = 4 - 11. Let w = 143 + -140. Let y(o) = -o**2 + 2*o**2 - 15 + 10 + w + 5*o. What is y(t)?
12
Suppose 5*n - 4*s = 20, 4*n + 0*n - 20 = 4*s. Let g(p) = p - 11. Let v be g(15). Let w(i) = i - 13 + n + v. Calculate w(6).
-3
Let w(h) = -h**2 - 1. Suppose -85 = 41*t - 46*t. Suppose t*o = 37 - 105. What is w(o)?
-17
Let i = -108 - -464. Let k = i - 350. Let z(o) = 3 - o + 6 - 5 - 1. What is z(k)?
-3
Suppose 2*d + 5*f + 27 = 0, 4*d + 829*f = 830*f + 1. Let s(k) = -43*k**2 - 2*k - 1. Determine s(d).
-42
Let s be 20/(-90)*(-1134)/9. Let v(x) = -x**2 + 25*x + 55. Determine v(s).
-29
Let s(w) = 1 - 3 - 2 - 2*w + 1. Let d be s(-4). Let b(a) = 5*a**2 - 164 - 4*a - 167 + 491 - 159 - 4*a**2. Determine b(d).
6
Let k(u) be the third derivative of 3*u**6/40 - u**5/60 - u**4/24 + 22*u**2 + 72. What is k(1)?
7
Let c(g) be the first derivative of -g**3/3 - g**2/2 + 9*g + 1098. What is c(4)?
-11
Suppose -n = -3*p - 16, -4*n - 2*p = -0*n + 6. Let a(c) be the second derivative of 17*c**3/6 - c**2 + 2915*c + 1. Calculate a(n).
15
Let h(q) = 313*q**2 - 2*q. Let a be h(-1). Let i = a - 309. Let s(v) = 2*v. Give s(i).
12
Let t be -17 - 3 - (-950)/25. Let z(i) = -3*i + 11. Calculate z(t).
-43
Let m(i) = -2*i - 12. Let g be m(-8). Suppose 3*p + 101 = 2*a, a + 5*p = g*a - 151. Let k(b) = a - 54 + b + b**2 + b. What is k(-3)?
1
Let b(j) = -57*j - 195. Let f(q) = -8*q - 26. Let x(h) = 2*b(h) - 15*f(h). Give x(-6).
-36
Let d(k) be the second derivative of -3*k - 1/6*k**3 + 0*k**4 + 1/2*k**2 - 1 + 1/5*k**5. Determine d(1).
4
Let w(c) = -3*c + 28. Let o(t) = -57*t - 2102. Let p be o(-37). What is w(p)?
7
Let z(x) be the third derivative of -x**6/120 - x**5/60 + x**4/24 - x**3/6 - 4007*x**2. Suppose -3*l = 12, -2*l = 4*v + l + 4. Give z(v).
-11
Let m(o) = o + 1. Let l be (-66)/(-22 + 11) - 1. Give m(l).
6
Let n(j) = j**2 + 12*j + 4. Let c be n(-13). Let q = 27 - 10. Let h(f) = q*f + c*f - 8 - 35*f. What is h(0)?
-8
Let a(p) = -9 - p - 15 - 4 + 23. Let w = -23 - -17. What is a(w)?
1
Let v(n) be the first derivative of n**4/4 + 6*n**3 + 29*n - 3372. Calculate v(-18).
29
Let a(y) = 385 - 128 - 129 - 129 - 12*y. Let r be (-1 + 6 + -4)*-3. Calculate a(r).
35
Let j(f) be the third derivative of -f**4/12 - f**3/3 - 629*f**2 + 22*f. Let d(o) = -3*o**3 - 2*o**2 - 1. Let a be d(-2). Let k = 10 - a. Calculate j(k).
8
Let y(a) = 279*a - 552. Let m be y(2). Let o(b) = -5*b - 20. What is o(m)?
-50
Let w(r) be the first derivative of r**6/8 - r**5/60 + 79*r**2/2 - 129. Let k(v) be the second derivative of w(v). Calculate k(1).
14
Let a(v) = v**3 - 21*v**2 - 48*v + 41. Let d be a(23). Let z(y) = 3*y + 26. Let h(x) = -x - 13. Let s(w) = d*h(w) - 2*z(w). Give s(10).
3
Let q(g) = -21*g + 33*g - 316 + 53 + 36*g - 9*g. What is q(7)?
10
Let l(z) = 10*z**2 - 2*z + 1. Let c = 170 - 382. Let d = c - -213. Give l(d).
9
Let a be (-3)/(-15) - 82/10. Suppose 5*k + 0*k - 30 = 0. Let p(j) = 5*j**2 + 4*j**2 - 10 - k*j**3 - j**2 - 2*j + 7*j**3. Give p(a).
6
Let u(d) = -9*d - 275. Let k be ((-36)/270)/(1/3) + 592/(-20). Give u(k).
-5
Let d(r) = -656*r + 6558. Let i be d(10). Let f(z) = -18*z**2 - 26*z + 4. Calculate f(i).
-16
Let y(p) be the third derivative of -p**6/120 + p**5/6 + 13*p**4/24 - 29*p**3/6 + 9769*p**2. Give y(11).
-7
Suppose j - 9 = 4*v - 29, 0 = 5*v - 2*j - 28. Suppose 0 = -2*n - v*f, -f + 14 = -5*n - 8. Let r(q) = q**3 + 3*q**2 - 4*q - 2. Give r(n).
-2
Suppose 10 = -7*c - 17 - 1. Let o(t) = 13*t**3 + 19*t**2 - 6*t - 9. Let f(y) = 7*y**3 + 10*y**2 - 3*y - 5. Let h(j) = -11*f(j) + 6*o(j). Calculate h(c).
13
Let q(f) be the third derivative of f**6/120 + 19*f**5/60 + 2*f**4 - 2*f**3/3 + 11*f**2 + 11*f. Give q(-16).
-4
Suppose 20 = -2*h + 12*h. Let x(l) = -18 + 2 + l + 4 + 11 + 2*l**2 - 3*l**h. Suppose -5*f + b + 4 = 0, 2*f - 3*b + 8*b = -20. Give x(f).
-1
Let l(j) = 31 + 95*j**2 - 72*j**2 - 34*j + 11*j**2 - 2*j**3. Calculate l(16).
-1
Suppose -4*m + 54 = 5*v, 43*m + v = 45*m - 6. Let b(i) = 5*i**2 - 3*i + 14. Calculate b(m).
176
Let b = 888 + -887. Let d(o) be the first derivative of 7*o**3/3 - o**2 + 1. Determine d(b).
5
Let i = 3 + -1. Let r(j) = -2*j - 1 - i*j - 8*j**3 + 3*j. Let t = 1051 + -1052. Calculate r(t).
8
Suppose 11 = -x + 4*n, n = -3*x - n - 19. Suppose -1306 + 1156 = -6*u. Let s(g) = 21*g + 57 - u - 26 - 20*g. Determine s(x).
-1
Let j(c) = 41*c - c + 7*c + 399037 - 399314. Calculate j(6).
5
Suppose 3*c + 7 - 8 = h, 3*h = -2*c - 3. Let v(p) = 8*p**2 - 6 + c*p - 4*p**2 - 3*p**2 + 6*p. Give v(-8).
10
Let v be 30/225 + (-73)/(-15). Let j(u) = u**3 + 0 - v - 4*u**2 - 1 + 7*u - 2*u**2. Let k(l) = 6*l**2 + l. Let i be k(-1). Calculate j(i).
4
Let u(c) = -9*c**2. Let r(p) = p - 34. Let a be (-3)/(-5) + (-1782)/(-55). Let y be r(a). Determine u(y).
-9
Let n(s) = -s**2 - s + 5. Let u be n(-4). Let j(q) = 10*q**2 - 3*q - 28. Let c(d) = 3*d**2 - d - 9. Let k(i) = u*c(i) + 2*j(i). Let l = -3 + 8. Give k(l).
-13
Let s(w) = 6*w**2 - 2*w - 2. Suppose -87*k = 83*k - 162*k. What is s(k)?
-2
Let y(l) = 379*l + 59 - 142*l - 221*l + 81. Give y(-9).
-4
Suppose -130 = -98*l + 88*l. Let j(m) = m**3 - 12*m**2 - 14*m + 8. Calculate j(l).
-5
Let w(x) = x**2 - 11*x + 12. Let n be w(11). Let d(t) = 5 - 2*t**2 - 4*t**2 - 4*t**2 - 2*t**2 + n*t + 11*t**2. Determine d(13).
-8
Suppose 2*f = 6*f - 44. Suppose -3*n + 27 = 6. Let s(t) = -f*t**2 + 1 + 0 + n*t**2. What is s(1)?
-3
Let c(y) = 105*y**2 - 6*y - 6. Let t(o) = -136*o**2 + 7*o + 8. Let h(m) = -5*c(m) - 4*t(m). Calculate h(1).
19
Let y(q) = 18*q - 59. Let f be (-48)/18 - (-4 + 24/(-36)). Determine y(f).
-23
Let z(v) = -2*v**2 - 10*v - 4. Let a(d) = -3*d**2 + 209*d - 607. Let w be a(3). Calculate z(w).
-32
Let p(j) = -11*j**3 - 3*j**2 - 10*j + 6. Let n(a) = 5*a**3 - 5*a - 6 + 10*a + a**2 + 3. Let q = -2951 + 2947. Let z(k) = q*p(k) - 9*n(k). Calculate z(3).
-12
Let v(d) = d**3 + 11*d**2 + 6. Let n be 138/92*(-44)/(-6). Suppose -n*w - 99 = 22. Determine v(w).
6
Let m(u) be the third derivative of u**6/360 - u**4/24 + 19*u**3/3 - 18*u**2. Let l(x) be the first derivative of m(x). Calculate l(1).
0
Let b be (-128)/(38 - 22)*3/4. Let d(j) = -29*j - 176. What is d(b)?
-2
Let x(o) = -5*o**2 - o**3 - 284 - 292 + 594 + 5*o + 4*o. Let g be x(-6). Let t(y) = 5 - y + 1 + 0*y. What is t(g)?
6
Let y(u) = -u**2 - 16*u + 13. Let b(p) = -15*p**2 + 5*p - 2. Let q be b(1). What is y(q)?
61
Let n(q) be the second derivative of 0 + 5/12*q**4 + 1/60*q**5 - 11/2*